nvert 592d (base 16) to base 6.
253405
What is 98108 (base 15) in base 10?
482858
Convert 1110011111011101110000 (base 2) to base 16.
39f770
-654165 (base 16) to base 14
-c4a473
What is 202202101212 (base 3) in base 10?
408533
-30223103023 (base 4) to base 11
-196a755
Convert -10110010101100111111110 (base 2) to base 9.
-12014510
What is -31133300 (base 4) in base 9?
-83742
What is -243541 (base 6) in base 2?
-101010001010101
-1b7786 (base 16) to base 15
-25854a
What is 1442167 (base 8) in base 7?
3330334
What is 122020034 (base 6) in base 7?
25564534
Convert -17474 (base 15) to base 11.
-515a8
Convert -10132410222 (base 5) to base 10.
-10435062
Convert -b93b17 (base 15) to base 2.
-100001101001101001111100
What is -716638 (base 12) in base 14?
-342628
Convert 10a678 (base 15) to base 13.
21a892
79095 (base 13) to base 7
1603611
22341 (base 8) to base 16
24e1
What is -172916 (base 10) in base 3?
-22210012022
What is -5446043 (base 7) in base 11?
-416285
Convert 62312401 (base 7) to base 10.
5230261
What is -457161 (base 8) in base 14?
-40813
-7bbbbe (base 15) to base 13
-12c00b9
Convert 11011000110101100001 (base 2) to base 11.
55731a
Convert 1015334 (base 7) to base 6.
2340305
What is ba47 (base 16) in base 9?
72365
What is 204542645 (base 7) in base 13?
2676221
Convert -9aac (base 13) to base 10.
-21605
Convert 20034a (base 13) to base 8.
2653363
What is 416011 (base 8) in base 10?
138249
498a (base 15) to base 4
3310213
What is 3545215 (base 7) in base 4?
1231132123
What is -122cd74 (base 14) in base 13?
-1a62c52
Convert 64750 (base 16) to base 8.
1443520
-20d17c (base 14) to base 15
-16e586
-32b80a (base 12) to base 9
-1461501
What is -1001000110100110101110 (base 2) in base 5?
-1102330400
Convert 652032 (base 7) to base 16.
1bb94
Convert -177417 (base 8) to base 15.
-14530
What is 200100201 (base 3) in base 6?
141544
10000010101100111001 (base 2) to base 15
a8953
Convert -184101 (base 10) to base 11.
-116355
42422004 (base 5) to base 3
200011202011
43333311 (base 6) to base 7
13642126
Convert -11112211220221 (base 3) to base 8.
-11162565
Convert 6a16986 (base 12) to base 8.
115753366
99c04e (base 15) to base 14
d8b6c6
Convert 15413461 (base 7) to base 11.
922a66
Convert -20202022022 (base 3) to base 8.
-403446
What is -2015a4 (base 15) in base 4?
-11303323030
What is 445890 (base 10) in base 11?
285005
Convert -52220101 (base 6) to base 8.
-5607405
-212102120 (base 4) to base 3
-21222010022
Convert 234144444 (base 5) to base 15.
166469
Convert -a0530 (base 13) to base 12.
-119966
Convert 1101001101001000101011 (base 2) to base 4.
31031020223
Convert 97414 (base 14) to base 10.
365754
What is 422510 (base 6) in base 16?
860a
16a336 (base 12) to base 14
a26ca
-31233042 (base 5) to base 12
-105736
What is -123328 (base 10) in base 13?
-4419a
Convert -2b73a5 (base 12) to base 8.
-2642155
What is 8062c (base 15) in base 11?
258368
-1001101022010 (base 3) to base 4
-2020120221
Convert 174b99b (base 13) to base 2.
11100110111001001100000
13305650 (base 7) to base 8
4540233
What is 22512260 (base 7) in base 12?
7aba12
Convert 3665323 (base 8) to base 3.
1220022222202
Convert -18742 (base 13) to base 16.
-b90e
What is -1560626 (base 7) in base 3?
-101222211222
Convert -30553 (base 6) to base 3.
-12121220
Convert -221202011112 (base 4) to base 11.
-6166a47
Convert -1b5665 (base 12) to base 3.
-220201100212
Convert 248158 (base 11) to base 16.
5f94a
Convert 244340222 (base 5) to base 12.
48404b
What is -10222220200 (base 3) in base 14?
-20953
Convert 37427 (base 11) to base 3.
2201201212
What is -83111 (base 11) in base 16?
-1d9a6
What is 2912524 (base 11) in base 9?
10376118
What is -10000201103 (base 4) in base 6?
-34304215
Convert -42031101 (base 5) to base 14.
-90024
What is -1c8d60 (base 14) in base 16?
-f9da8
-324124312 (base 5) to base 15
-1c878c
What is 6d1757 (base 15) in base 7?
62235634
12796836 (base 10) to base 12
43516b0
Convert 97592 (base 14) to base 16.
595ec
Convert 162556 (base 9) to base 6.
2052253
220113030 (base 4) to base 11
103235
1bd7dc (base 14) to base 8
3634406
What is -234336 (base 9) in base 12?
-696b9
123602 (base 10) to base 11
84956
What is 1111112000 (base 4) in base 7?
2654102
Convert -1103044320 (base 5) to base 7.
-26226514
-1210120210002 (base 3) to base 10
-956288
What is 27a057 (base 12) in base 8?
2411303
115b442 (base 12) to base 6
155550522
What is 112b85 (base 12) in base 7?
2222621
-5b4203 (base 14) to base 7
-35355103
What is -5132 (base 6) in base 2?
-10001110000
What is 7d8ff (base 16) in base 4?
1331203333
Convert -124627 (base 10) to base 5.
-12442002
-5722955 (base 11) to base 13
-20c9c80
11148294 (base 10) to base 7
163521213
-13030321 (base 4) to base 13
-10570
2115207 (base 9) to base 15
175771
377023 (base 10) to base 8
1340277
-263aa (base 13) to base 12
-35087
-120135141 (base 7) to base 6
-423225430
Convert -28322 (base 13) to base 12.
-37655
Convert 1002210 (base 5) to base 3.
210212000
Convert 14246051 (base 7) to base 16.
14703b
-43734 (base 14) to base 15
-335c9
Convert -373b93 (base 16) to base 11.
-2052615
Convert 11705193 (base 10) to base 6.
1054514413
What is -355042 (base 6) in base 8?
-74302
What is 584760 (base 12) in base 8?
5321470
Convert -211422314 (base 5) to base 3.
-1200011121001
Convert -5628a (base 15) to base 9.
-456714
-89809 (base 11) to base 6
-2442124
Convert 605440 (base 8) to base 2.
110000101100100000
What is -121023003 (base 4) in base 8?
-311303
-25c13 (base 15) to base 4
-131200023
20002230 (base 4) to base 16
80ac
What is -22012220 (base 3) in base 2?
-1011101100111
Convert -41530100 (base 6) to base 13.
-334509
Convert -212616 (base 8) to base 15.
-160be
43414331 (base 5) to base 2
1011011000101100011
What is -224116 (base 7) in base 11?
-27a38
-15745 (base 8) to base 4
-1233211
433311144 (base 5) to base 14
3638b2
What is 10200202132 (base 4) in base 10?
1181854
430214 (base 11) to base 10
688384
Convert -2454702 (base 12) to base 6.
-411420402
Convert 10101000101011011110 (base 2) to base 5.
134102120
-b757 (base 12) to base 14
-7467
-b0c84 (base 14) to base 2
-1100111110001010100
76027 (base 12) to base 13
55a56
49a281 (base 13) to base 5
422432014
Convert -13ac (base 16) to base 12.
-2ab8
What is -314b4 (base 12) in base 5?
-4032043
-301902 (base 10) to base 3
-120100010120
What is 1263030 (base 7) in base 2?
101000101100111111
-11110110011001101 (base 2) to base 7
-1033543
Convert -26e12c (base 15) to base 11.
-1067a76
200320130 (base 4) to base 16
20e1c
Convert -a62366 (base 11) to base 12.
-6a0779
-2b73cb (base 14) to base 11
-947711
74a2 (base 11) to base 16
26b9
-77332570 (base 8) to base 16
-fdb578
140153522 (base 6) to base 2
1010101111000111111010
-205590 (base 12) to base 13
-149aa2
What is 460a8 (base 14) in base 7?
1306301
What is 3720137 (base 9) in base 2?
111101101011000100111
Convert -302621 (base 10) to base 4.
-1021320131
-124230400 (base 5) to base 8
-2266200
-9518a (base 15) to base 2
-1110011011100010111
-8775ab (base 12) to base 14
-3dd107
Convert 67335 (base 9) to base 11.
30687
Convert -184421 (base 10) to base 15.
-3999b
-143340143 (base 5) to base 8
-2720103
Convert 2025553 (base 8) to base 9.
1005382
What is c8c455 (base 15) in base 13?
1c98c02
Convert -66b3c (base 16) to base 2.
-1100110101100111100
-3546230 (base 10) to base 9
-6604455
What is 21330452 (base 6) in base 5?
130241140
Convert 3a411a (base 13) to base 8.
5276725
347766 (base 13) to base 7
13403031
-2c23be (base 15) to base 3
-11000102002122
Convert -2141636 (base 8) to base 12.
-23847a
Convert -1031642 (base 7) to base 4.
-132221033
What is 61344055 (base 7) in base 8?
23420530
What is -180760 (base 10) in base 3?
-100011221211
245338 (base 9) to base 15
2dde5
What is -35220435 (base 6) in base 12?
-44771b
13037a4 (base 13) to base 11
33a32a5
Convert -5778933 (base 12) to base 11.
-9557199
-5121302 (base 6) to base 9
-411602
What is 300030131 (base 4) in base 16?
3031d
Convert -154354124 (base 6) to base 14.
-61b588
What is 1301111132 (base 5) in base 14?
5bbd82
What is -1001330310 (base 4) in base 15?
-5508c
140d4 (base 15) to base 10
64324
-271129 (base 10) to base 2
-1000010001100011001
What is 110664322 (base 7) in base 3?
110121122201001
2220102212111 (ba